{"id":758,"date":"2023-12-01T16:15:35","date_gmt":"2023-12-01T19:15:35","guid":{"rendered":"https:\/\/radiologiahub.com\/?page_id=758"},"modified":"2023-12-02T12:11:27","modified_gmt":"2023-12-02T15:11:27","slug":"biografia","status":"publish","type":"page","link":"https:\/\/radiologiahub.com\/index.php\/biografia\/","title":{"rendered":"Biografia"},"content":{"rendered":"\t\t<div data-elementor-type=\"wp-page\" data-elementor-id=\"758\" class=\"elementor elementor-758\" data-elementor-post-type=\"page\">\n\t\t\t\t\t\t<section class=\"elementor-section elementor-top-section elementor-element elementor-element-ec5aa1f elementor-section-boxed elementor-section-height-default elementor-section-height-default\" data-id=\"ec5aa1f\" data-element_type=\"section\">\n\t\t\t\t\t\t<div class=\"elementor-container elementor-column-gap-default\">\n\t\t\t\t\t<div class=\"elementor-column elementor-col-50 elementor-top-column elementor-element elementor-element-beaabad\" data-id=\"beaabad\" data-element_type=\"column\" data-settings=\"{&quot;background_background&quot;:&quot;classic&quot;}\">\n\t\t\t<div class=\"elementor-widget-wrap elementor-element-populated\">\n\t\t\t\t\t\t<div class=\"elementor-element elementor-element-040ceac elementor-widget elementor-widget-heading\" data-id=\"040ceac\" data-element_type=\"widget\" data-widget_type=\"heading.default\">\n\t\t\t\t<div class=\"elementor-widget-container\">\n\t\t\t\t\t<h2 class=\"elementor-heading-title elementor-size-default\">Prazer, Cesar Augusto<\/h2>\t\t\t\t<\/div>\n\t\t\t\t<\/div>\n\t\t\t\t<div class=\"elementor-element elementor-element-4ed5774 elementor-widget elementor-widget-text-editor\" data-id=\"4ed5774\" data-element_type=\"widget\" data-widget_type=\"text-editor.default\">\n\t\t\t\t<div class=\"elementor-widget-container\">\n\t\t\t\t\t\t\t\t\t<p>Ol\u00e1, tudo bem?<br \/>Eu me chamo Cesar Augusto e sou o criador da Comunidade Radiologia Hub. Aqui podemos trocar experi\u00eancias de nossas atividades na radiologia.\u00a0<\/p><p>Tecn\u00f3logos (as), t\u00e9cnicos (as), professores (as) e estudantes, todos s\u00e3o bem-vindos (as). Nossa Comunidade \u00e9 plural e n\u00e3o possui fronteiras.<br \/>Ah! J\u00e1 ia me esquecendo! Eu tamb\u00e9m sou tecn\u00f3logo em radiologia e professor atuante nas duas \u00e1reas h\u00e1 mais de 20 anos!<\/p><p>Minha especialidade \u00e9 a radiologia pedi\u00e1trica e, atualmente, fa\u00e7o parte de um grupo de pesquisas em educa\u00e7\u00e3o na UFRJ, o Laborat\u00f3rio de Desenvolvimento de Estrat\u00e9gias Educacionais (LDE\u00b2).<\/p><p>Venha fazer parte da Comunidade Radiologia Hub e, juntos, vamos tornar a radiologia muito maior do que j\u00e1 \u00e9!<br \/>Um forte abra\u00e7o.<\/p>\t\t\t\t\t\t\t\t<\/div>\n\t\t\t\t<\/div>\n\t\t\t\t\t<\/div>\n\t\t<\/div>\n\t\t\t\t<div class=\"elementor-column elementor-col-50 elementor-top-column elementor-element elementor-element-f7a23b6\" data-id=\"f7a23b6\" data-element_type=\"column\" data-settings=\"{&quot;background_background&quot;:&quot;classic&quot;}\">\n\t\t\t<div class=\"elementor-widget-wrap elementor-element-populated\">\n\t\t\t\t\t\t<div class=\"elementor-element elementor-element-3ab00f0 elementor-widget elementor-widget-image\" data-id=\"3ab00f0\" data-element_type=\"widget\" data-widget_type=\"image.default\">\n\t\t\t\t<div class=\"elementor-widget-container\">\n\t\t\t\t\t\t\t\t\t\t\t\t\t\t\t<img fetchpriority=\"high\" decoding=\"async\" width=\"808\" height=\"1000\" src=\"https:\/\/radiologiahub.com\/wp-content\/uploads\/2023\/12\/cesar-fotos-1-e1701458851742.png\" class=\"attachment-full size-full wp-image-762\" alt=\"\" srcset=\"https:\/\/radiologiahub.com\/wp-content\/uploads\/2023\/12\/cesar-fotos-1-e1701458851742.png 808w, https:\/\/radiologiahub.com\/wp-content\/uploads\/2023\/12\/cesar-fotos-1-e1701458851742-242x300.png 242w, https:\/\/radiologiahub.com\/wp-content\/uploads\/2023\/12\/cesar-fotos-1-e1701458851742-768x950.png 768w\" sizes=\"(max-width: 808px) 100vw, 808px\" \/>\t\t\t\t\t\t\t\t\t\t\t\t\t\t\t<\/div>\n\t\t\t\t<\/div>\n\t\t\t\t\t<\/div>\n\t\t<\/div>\n\t\t\t\t\t<\/div>\n\t\t<\/section>\n\t\t\t\t<\/div>\n\t\t","protected":false},"excerpt":{"rendered":"<p>Prazer, Cesar Augusto Ol\u00e1, tudo bem?Eu me chamo Cesar Augusto e sou o criador da Comunidade Radiologia Hub. Aqui podemos trocar experi\u00eancias de nossas atividades na radiologia.\u00a0 Tecn\u00f3logos (as), t\u00e9cnicos (as), professores (as) e estudantes, todos s\u00e3o bem-vindos (as). Nossa Comunidade \u00e9 plural e n\u00e3o possui fronteiras.Ah! J\u00e1 ia me esquecendo! Eu tamb\u00e9m sou tecn\u00f3logo [&hellip;]<\/p>\n","protected":false},"author":4,"featured_media":0,"parent":0,"menu_order":0,"comment_status":"closed","ping_status":"closed","template":"elementor_header_footer","meta":{"_bbp_topic_count":0,"_bbp_reply_count":0,"_bbp_total_topic_count":0,"_bbp_total_reply_count":0,"_bbp_voice_count":0,"_bbp_anonymous_reply_count":0,"_bbp_topic_count_hidden":0,"_bbp_reply_count_hidden":0,"_bbp_forum_subforum_count":0,"_monsterinsights_skip_tracking":false,"_monsterinsights_sitenote_active":false,"_monsterinsights_sitenote_note":"","_monsterinsights_sitenote_category":0,"footnotes":""},"aioseo_notices":[],"_links":{"self":[{"href":"https:\/\/radiologiahub.com\/index.php\/wp-json\/wp\/v2\/pages\/758"}],"collection":[{"href":"https:\/\/radiologiahub.com\/index.php\/wp-json\/wp\/v2\/pages"}],"about":[{"href":"https:\/\/radiologiahub.com\/index.php\/wp-json\/wp\/v2\/types\/page"}],"author":[{"embeddable":true,"href":"https:\/\/radiologiahub.com\/index.php\/wp-json\/wp\/v2\/users\/4"}],"replies":[{"embeddable":true,"href":"https:\/\/radiologiahub.com\/index.php\/wp-json\/wp\/v2\/comments?post=758"}],"version-history":[{"count":25,"href":"https:\/\/radiologiahub.com\/index.php\/wp-json\/wp\/v2\/pages\/758\/revisions"}],"predecessor-version":[{"id":800,"href":"https:\/\/radiologiahub.com\/index.php\/wp-json\/wp\/v2\/pages\/758\/revisions\/800"}],"wp:attachment":[{"href":"https:\/\/radiologiahub.com\/index.php\/wp-json\/wp\/v2\/media?parent=758"}],"curies":[{"name":"wp","href":"https:\/\/api.w.org\/{rel}","templated":true}]}}